he remainder when 55336 is divided by 129.
124
Calculate the remainder when 13009 is divided by 623.
549
What is the remainder when 260721 is divided by 32585?
41
Calculate the remainder when 54941 is divided by 2747.
1
Calculate the remainder when 1361 is divided by 68.
1
What is the remainder when 11754 is divided by 28?
22
Calculate the remainder when 1112 is divided by 243.
140
Calculate the remainder when 2905 is divided by 487.
470
What is the remainder when 19533 is divided by 132?
129
What is the remainder when 3094014 is divided by 895?
894
Calculate the remainder when 1110 is divided by 21.
18
What is the remainder when 31712 is divided by 33?
32
What is the remainder when 87210 is divided by 4?
2
Calculate the remainder when 696291 is divided by 93.
0
Calculate the remainder when 36774 is divided by 347.
339
What is the remainder when 21346 is divided by 23?
2
Calculate the remainder when 76486 is divided by 173.
20
Calculate the remainder when 46009 is divided by 49.
47
Calculate the remainder when 34890 is divided by 2492.
2
What is the remainder when 97406 is divided by 99?
89
What is the remainder when 48310 is divided by 15?
10
Calculate the remainder when 9800 is divided by 1088.
8
Calculate the remainder when 54950 is divided by 43.
39
What is the remainder when 2079 is divided by 692?
3
What is the remainder when 63687 is divided by 348?
3
What is the remainder when 8334814 is divided by 56?
54
Calculate the remainder when 3017 is divided by 950.
167
What is the remainder when 359382 is divided by 402?
396
What is the remainder when 276591 is divided by 381?
366
What is the remainder when 10618 is divided by 212?
18
Calculate the remainder when 18050 is divided by 243.
68
Calculate the remainder when 346 is divided by 185.
161
Calculate the remainder when 4165 is divided by 249.
181
Calculate the remainder when 852929 is divided by 351.
350
Calculate the remainder when 84573 is divided by 98.
97
What is the remainder when 194232 is divided by 2285?
7
Calculate the remainder when 2824 is divided by 61.
18
Calculate the remainder when 13071 is divided by 5617.
1837
Calculate the remainder when 1655 is divided by 697.
261
What is the remainder when 1039 is divided by 1004?
35
What is the remainder when 2757 is divided by 197?
196
Calculate the remainder when 6761 is divided by 1029.
587
Calculate the remainder when 212426 is divided by 13.
6
What is the remainder when 12089 is divided by 26?
25
What is the remainder when 1243767 is divided by 139?
134
Calculate the remainder when 132435 is divided by 14.
9
Calculate the remainder when 1928984 is divided by 85.
79
What is the remainder when 103055 is divided by 398?
371
Calculate the remainder when 105061 is divided by 938.
5
Calculate the remainder when 882 is divided by 860.
22
Calculate the remainder when 176819 is divided by 25254.
41
Calculate the remainder when 967 is divided by 358.
251
Calculate the remainder when 392212 is divided by 133.
128
What is the remainder when 45300 is divided by 97?
1
What is the remainder when 56272 is divided by 4686?
40
Calculate the remainder when 28008 is divided by 13979.
50
Calculate the remainder when 53335 is divided by 69.
67
What is the remainder when 87255 is divided by 823?
17
What is the remainder when 10079 is divided by 5036?
7
What is the remainder when 32936 is divided by 116?
108
Calculate the remainder when 66434 is divided by 279.
32
What is the remainder when 107784 is divided by 77?
61
Calculate the remainder when 63071 is divided by 517.
514
Calculate the remainder when 445479 is divided by 220.
199
What is the remainder when 205147 is divided by 373?
370
Calculate the remainder when 1167 is divided by 876.
291
Calculate the remainder when 333186 is divided by 124.
122
What is the remainder when 59253 is divided by 938?
159
Calculate the remainder when 5162 is divided by 224.
10
Calculate the remainder when 34772 is divided by 46.
42
Calculate the remainder when 9566 is divided by 52.
50
What is the remainder when 408367 is divided by 7164?
19
What is the remainder when 3255 is divided by 277?
208
Calculate the remainder when 6329 is divided by 6328.
1
Calculate the remainder when 110447 is divided by 11043.
17
Calculate the remainder when 67698 is divided by 521.
489
What is the remainder when 13101 is divided by 1454?
15
Calculate the remainder when 170909 is divided by 170898.
11
What is the remainder when 57391 is divided by 56?
47
What is the remainder when 2074 is divided by 602?
268
What is the remainder when 1406172 is divided by 29295?
12
Calculate the remainder when 2378 is divided by 264.
2
What is the remainder when 84938 is divided by 1348?
14
What is the remainder when 72407 is divided by 35?
27
What is the remainder when 8239 is divided by 8220?
19
Calculate the remainder when 41205 is divided by 102.
99
What is the remainder when 2230480 is divided by 246?
244
Calculate the remainder when 1264 is divided by 499.
266
What is the remainder when 365283 is divided by 69?
66
Calculate the remainder when 10567 is divided by 272.
231
What is the remainder when 61325 is divided by 61214?
111
Calculate the remainder when 47852 is divided by 6.
2
What is the remainder when 9703 is divided by 35?
8
What is the remainder when 151068 is divided by 37752?
60
Calculate the remainder when 302493 is divided by 24.
21
Calculate the remainder when 48747 is divided by 50.
47
Calculate the remainder when 187253 is divided by 301.
31
What is the remainder when 17708 is divided by 172?
164
Calculate the remainder when 273890 is divided by 39124.
22
What is the remainder when 2664 is divided by 2154?
510
Calculate the remainder when 196382 is divided by 8.
6
What is the remainder when 1192370 is divided by 21?
11
Calculate the remainder when 982699 is divided by 291.
283
Calculate the remainder when 110655 is divided by 43.
16
Calculate the remainder when 6281 is divided by 413.
86
What is the remainder when 27785 is divided by 10?
5
What is the remainder when 17258 is divided by 1917?
5
What is the remainder when 68296 is divided by 17049?
100
What is the remainder when 1862 is divided by 27?
26
Calculate the remainder when 32495 is divided by 985.
975
Calculate the remainder when 11430 is divided by 2663.
778
Calculate the remainder when 4944127 is divided by 448.
447
Calculate the remainder when 1411 is divided by 586.
239
Calculate the remainder when 3667 is divided by 1044.
535
What is the remainder when 105825 is divided by 1392?
33
What is the remainder when 4424 is divided by 884?
4
Calculate the remainder when 133729 is divided by 43.
42
What is the remainder when 275051 is divided by 1034?
7
What is the remainder when 4313 is divided by 255?
233
Calculate the remainder when 15385 is divided by 409.
252
What is the remainder when 8133497 is divided by 738?
737
What is the remainder when 918 is divided by 17?
0
Calculate the remainder when 13340 is divided by 1212.
8
Calculate the remainder when 5477 is divided by 137.
134
What is the remainder when 97385 is divided by 77?
57
What is the remainder when 2768 is divided by 756?
500
Calculate the remainder when 29133 is divided by 5797.
148
What is the remainder when 24926 is divided by 211?
28
Calculate the remainder when 232711 is divided by 9.
7
What is the remainder when 43564 is divided by 2074?
10
Calculate the remainder when 259985 is divided by 25.
10
Calculate the remainder when 8942 is divided by 35.
17
What is the remainder when 6753 is divided by 41?
29
Calculate the remainder when 5118 is divided by 5093.
25
What is the remainder when 17396 is divided by 30?
26
What is the remainder when 110145 is divided by 229?
225
Calculate the remainder when 1319 is divided by 137.
86
Calculate the remainder when 2851 is divided by 119.
114
What is the remainder when 3217 is divided by 166?
63
Calculate the remainder when 17611 is divided by 96.
43
What is the remainder when 38419 is divided by 11?
7
What is the remainder when 55238 is divided by 1255?
18
Calculate the remainder when 2959 is divided by 364.
47
Calculate the remainder when 1683 is divided by 328.
43
Calculate the remainder when 35005 is divided by 6.
1
What is the remainder when 1731 is divided by 442?